) = 12057*u - 241158. Determine i(20).
-18
Let h(a) = 15*a**2 - 96*a - 1042. What is h(-12)?
2270
Let h(v) = 2*v**3 + 2*v**2 + 8773*v - 150. What is h(0)?
-150
Let t(v) = -v**3 - 434*v**2 - 15050*v - 128. Determine t(-38).
-52
Let k(v) = v**3 + 43*v**2 + 53*v + 533. What is k(-10)?
3303
Let d(j) = -44*j + 3001. What is d(68)?
9
Let r(p) = -15163*p + 90927. Calculate r(6).
-51
Let a(j) = 283*j**2 + 259*j - 776. Give a(3).
2548
Let m(t) = 460*t + 67320. What is m(-145)?
620
Let v(f) = f**3 + 10*f**2 - 260*f - 1121. What is v(-21)?
-512
Let w(b) = 50*b**2 + 1257*b + 300. Calculate w(-25).
125
Let y(r) = -1289*r + 32082. Give y(25).
-143
Let z(q) = 2038407*q + 18345658. Determine z(-9).
-5
Let b(g) = -997*g - 108476. Calculate b(-109).
197
Let m(f) = -6*f**3 + 264*f**2 - 552*f - 16321. Calculate m(40).
-1
Let y(n) = n**3 + 6*n**2 - 5*n + 127. Determine y(0).
127
Let p(v) = 482*v**2 + 4331*v - 45. Give p(-9).
18
Let j(g) = 583*g**2 - 23340*g + 787. Determine j(40).
-13
Let f(q) = -105*q**2 - 5450*q + 167. Give f(-52).
-353
Let c(f) = -3*f**3 + 154*f**2 - 352*f + 330. Determine c(49).
-111
Let n(i) = 24033*i + 696950. What is n(-29)?
-7
Let n(c) = 105145*c - 630868. What is n(6)?
2
Let a(j) = -5*j - 1999. Give a(227).
-3134
Let b(x) = -x**3 + 264*x**2 + 361*x - 95232. What is b(264)?
72
Let p(s) = -10653*s + 2162575. What is p(203)?
16
Let q(r) = 16*r**3 + 151*r**2 - 22*r - 775. Calculate q(-9).
-10
Let h(k) = -3183*k + 101901. Give h(32).
45
Let a(y) = -108*y**3 - 4*y**2 + 11. Give a(2).
-869
Let y(j) = 39*j + 1291. Calculate y(4).
1447
Let d(h) = -148*h - 2379. Calculate d(-12).
-603
Let q(s) = 13574*s + 135726. Determine q(-10).
-14
Let k(z) = -z**2 + 47*z - 795. Give k(46).
-749
Let n(f) = -126518*f + 126606. Determine n(1).
88
Let n(q) = 2*q**2 - 124*q + 381. Determine n(0).
381
Let x(c) = -3*c**3 + 21*c**2 + 72*c - 29. What is x(9)?
133
Let o(t) = 2183*t - 51946. Determine o(24).
446
Let b(v) = 684*v - 130650. What is b(191)?
-6
Let u(j) = 4*j**2 + 43*j - 16541. Determine u(-70).
49
Let g(v) = -v**2 + 184339*v + 2212231. Determine g(-12).
19
Let f(c) = 95*c**2 + 5123*c + 111. Determine f(-54).
489
Let x(p) = p**2 - 202*p - 1233. What is x(219)?
2490
Let n(v) = 143*v**2 - 1059*v + 747. Give n(6).
-459
Let x(n) = 120011*n + 2400250. Give x(-20).
30
Let p(g) = -8372*g - 101002. Calculate p(-12).
-538
Let g(h) = 5*h**3 + 666*h**2 + 127*h - 692. Give g(-133).
106
Let y(d) = -11173*d + 22356. Calculate y(2).
10
Let t(o) = -o**3 + 152*o**2 - 669*o - 337. Give t(5).
-7
Let z(y) = -6*y**3 + 2272*y**2 + 3069*y - 11047. What is z(380)?
-27
Let t(u) = 15139*u - 10218819. Determine t(675).
6
Let g(t) = -2531*t + 63558. Calculate g(25).
283
Let n(x) = -4439*x - 142033. Calculate n(-32).
15
Let a(z) = 17*z - 2058. Calculate a(73).
-817
Let u(d) = 12*d**3 - 71*d**2 + 161*d - 1769. Give u(7).
-5
Let x(a) = 3*a**3 + 10*a**2 - 88*a - 301. Calculate x(-5).
14
Let p(t) = -13655*t + 81950. Give p(6).
20
Let m(u) = -5189*u - 140390. Determine m(-27).
-287
Let a(l) = -7479*l - 2310996. Calculate a(-309).
15
Let p(m) = -5*m**2 - 3230*m + 52496. Determine p(16).
-464
Let u(g) = 6*g**3 + 684*g**2 + 1373*g + 156540. Determine u(-114).
18
Let i(f) = -f**2 - 328*f + 29555. Determine i(74).
-193
Let v(m) = 2*m**3 - 128*m**2 + 71*m + 3540. What is v(63)?
75
Let p(d) = d**2 - 5771*d - 285175. Give p(-49).
5
Let s(b) = 43131*b + 690081. Determine s(-16).
-15
Let o(z) = -28*z**3 - 529*z**2 - 2*z - 60. What is o(-19)?
1061
Let b(r) = 3886*r - 16398. Calculate b(4).
-854
Let x(a) = -100*a - 3512. Calculate x(-35).
-12
Let k(g) = -237*g - 134648. What is k(-568)?
-32
Let g(h) = -h**3 + 80*h**2 + 1439*h - 971. Calculate g(95).
359
Let m(i) = -i**3 - 37*i**2 + 128*i + 6331. Determine m(-37).
1595
Let c(t) = -2*t**2 + 253*t + 836. Determine c(126).
962
Let v(h) = -10162*h + 6584991. Calculate v(648).
15
Let i(a) = 3*a**2 + 68982*a - 759158. Give i(11).
7
Let r(f) = -f**2 - 26*f + 1266. What is r(34)?
-774
Let m(s) = -14*s**3 - 1196*s**2 + 1190*s + 5. What is m(1)?
-15
Let s(d) = 5589*d + 112109. What is s(-20)?
329
Let z(q) = 45*q**2 + 3595*q + 3166. Calculate z(-79).
6
Let r(c) = c**2 + 1429*c + 8537. Determine r(-6).
-1
Let n(g) = 232*g + 23564. Determine n(-102).
-100
Let x(l) = -5*l**3 + 150*l**2 + 26*l - 769. Give x(30).
11
Let h(j) = -j**3 + 39*j**2 + 755*j - 737. Determine h(53).
-48
Let o(v) = -457*v**2 + 95*v + 93. Give o(-1).
-459
Let r(v) = v**2 + 7788*v + 225012. Calculate r(-29).
1
Let w(z) = -z**3 - 16*z**2 + 213*z + 2005. Determine w(-9).
-479
Let c(g) = 331*g**2 - 474*g - 960. What is c(-2)?
1312
Let k(x) = -3*x**3 + 6*x**2 + 73*x + 465. Give k(-9).
2481
Let h(b) = b**3 - 98*b**2 + 31. Calculate h(98).
31
Let h(c) = 10184*c - 1548039. What is h(152)?
-71
Let f(q) = -q**3 + 22*q**2 - 182*q + 4139. Determine f(22).
135
Let v(j) = 2*j**2 + 50*j - 4083. What is v(-60)?
117
Let j(q) = 2*q**3 + 122*q**2 + 347*q - 84. What is j(-58)?
-26
Let u(r) = 56*r - 7930. Calculate u(141).
-34
Let k(m) = 6*m**3 + 114*m**2 + 94*m - 250. Calculate k(-18).
2
Let l(o) = -205*o - 7079. What is l(-36)?
301
Let s(y) = -326*y**2 - 51510*y - 309. Calculate s(-158).
7
Let v(y) = y**2 - 78*y + 403. Calculate v(58).
-757
Let p(r) = 7452*r + 7292. What is p(-1)?
-160
Let o(q) = -q**2 - 574*q - 82026. What is o(-305)?
19
Let g(r) = 2*r**3 + 200*r**2 + 1140*r + 1124. Determine g(-94).
-4
Let g(b) = -2*b**3 + 31*b**2 + 3116*b + 228. Determine g(48).
36
Let i(r) = 2*r**2 - 12217*r - 257433. Determine i(-21).
6
Let r(o) = o**2 - 1259*o + 46401. Calculate r(38).
3
Let z(u) = -7*u**2 - 47*u + 263. Determine z(21).
-3811
Let r(s) = 13*s**2 + 169*s + 199. Calculate r(-5).
-321
Let m(r) = -569*r - 135962. Give m(-239).
29
Let f(d) = -5*d**2 - 134*d - 167. What is f(-44)?
-3951
Let z(s) = 12268*s - 49065. What is z(4)?
7
Let w(b) = b**3 - 33*b**2 + 284*b - 12406. Give w(35).
-16
Let n(m) = 69*m**3 - 286*m**2 - 12*m + 59. Determine n(4).
-149
Let c(v) = -v**3 - 624*v**2 + 2912*v + 646445. What is c(-627)?
8
Let h(i) = -5*i**3 - 416*i**2 - 50*i + 2799. What is h(-83)?
60
Let l(c) = 15*c**3 + 48*c**2 + 6*c + 33. Determine l(-3).
42
Let a(j) = -2*j**3 - 7*j**2 + 777*j + 3172. Determine a(-4).
80
Let n(w) = 3*w**2 + 21250*w + 84961. Determine n(-4).
9
Let o(r) = 53*r**3 + 17*r**2 - 125*r + 110. Calculate o(1).
55
Let b(z) = 2*z**3 + 58*z**2 - 490*z - 90. Determine b(7).
8
Let a(n) = 1667*n - 311635. Calculate a(187).
94
Let c(r) = -39*r**2 - 2027*r + 52. Give c(-52).
0
Let d(v) = v**2 - 1267*v + 5041. Give d(4).
-11
Let f(b) = -651*b - 14792. What is f(-22)?
-470
Let k(q) = 336*q - 14747. What is k(45)?
373
Let h(i) = 10*i**2 + 25222*i + 25229. Determine h(-1).
17
Let l(h) = -9*h**3 - 358*h**2 + 85*h + 193. What is l(-40)?
-7
Let f(w) = -3*w**3 - 92*w**2 + 809*w - 119. Determine f(7).
7
Let s(n) = n**2 + 413*n + 14059. Calculate s(-374).
-527
Let i(q) = 16581*q + 150181. Determine i(-9).
952
Let t(b) = 95*b**2 - 963*b + 136. Determine t(10).
6
Let o(d) = -7*d**2 - 421*d - 2837. What is o(-50)?
713
Let h(f) = 46758*f + 561100. Give h(-12).
4
Let m(w) = -12980*w + 376414. Give m(29).
-6
Let h(j) = j**3 - 13*j**2 - 103*j + 1007. Give h(10).
-323
Let b(l) = -10*l**2 + 170*l + 2. What is b(2)?
302
Let a(h) = -49684*h - 62303747. What is a(-1254)?
-11
Let x(s) = 2*s**3 + 19*s**2 + 1433*s + 34091. Determine x(-19).
5
Let f(w) = 68*w**2 + 3746*w - 11491. What is f(-58)?
-7
Let z(g) = -13967*g - 1173138. Give z(-84).
90
Let a(p) = p**3 + 63*p**2 + 9*p - 530. Give a(-63).
-1097
Let x(y) = y**2 + 8*y - 2934. What is x(-63)?
531
Let n(p) = 16*p**2 - 100*p + 139. Determine n(12).
1243
Let i(o) = -53*o - 451. Give i(6).
-769
Let c(j) = -2*j**3 + 116*j**2 + 1369*j - 630. Calculate c(68).
-18
Let a(d) = -36*d**2 - 16*d + 406. What is a(0)?
406
Let x(a) = 964012*a - 7712090. Determine x(8).
6
Let a(g) = -g**3 + 418*g**2 - 3217*g + 4771. Give a(2).
1
Let w(v) = 66*v**2 - 856*v - 958. Give w(14).
-6
Let u(h) = -520*h - 5132. Determine u(-11).
588
Let s(f) = 72*f**2 + 14*f - 199. Calculate s(4).
1009
Let p(h) = -h**2 + 1515*h - 522520. Give p(531).
-16
Let j(n) = 8227*n + 8246. Calculate j(-1).
19
Let r(a) = 73631*a - 957256. Give r(13).
-53
Let u(m) = m**3 + 11*m**2 + 51*m + 2596. Determine u(-17).
-5
Let c(j) = -1714*j - 28446